mon divisor of h and 31?
31
Let g = -18 - -20. Suppose -m - g*m = -18. Calculate the highest common divisor of m and 54.
6
Let l(u) = -240*u + 1447. Let k be l(6). Suppose 0 = 2*j + 3*v - 26, 2*j = 3*v + 2. What is the highest common divisor of j and k?
7
Let h be (-1)/(2*(-4)/992). Suppose 78 = -u + h. Calculate the highest common factor of 230 and u.
46
Let u(b) = 130*b**2 + 7*b + 15. Let w be u(-3). What is the highest common divisor of w and 12?
12
Let i = -2132 + 2145. Calculate the highest common factor of 403 and i.
13
Let h(b) = 34*b + 286. Let z be h(-7). Calculate the greatest common divisor of 1320 and z.
24
Let b(l) = -4*l - 13. Let d be b(-5). Let s = 29 - d. Calculate the highest common factor of s and 110.
22
Let y = -1 - 3. Let n be 4 + (y/4 - 1). Calculate the greatest common divisor of n and 6.
2
Let p(g) = g**2 + 7*g + 2. Let c be p(-6). Let i be c/16 + 562/8. Let l be ((-56)/i)/(1/(-25)). What is the highest common divisor of l and 8?
4
Let j = 18 - -4. Let v be 1/(((-6)/j)/(-3)). What is the highest common divisor of 33 and v?
11
Let r be 44/(-20) + (-1)/(-5). Let k be (-1845)/(-24) - r/16. Calculate the greatest common factor of 7 and k.
7
Let u(c) = -c**2 + 16*c + 271. Let j be u(25). Calculate the highest common divisor of j and 1196.
46
Suppose 12*c - 17*c = -4*s - 979, 0 = -2*c - 3*s + 387. Calculate the greatest common factor of 39 and c.
39
Suppose 5 = -4*i - 7, 1991 = 5*j - 2*i. Suppose -113 - j = -5*c + 2*a, -4*a - 20 = 0. Suppose 60 = -t + 4*t. Calculate the highest common factor of t and c.
20
Suppose 5*d + c - 32 + 10 = 0, 4*c - 28 = -5*d. Suppose -l + 234 = 4*a - 203, 0 = 4*a - d*l - 452. What is the highest common divisor of a and 10?
10
Suppose -v = -101 - 81. What is the highest common factor of 14 and v?
14
Suppose -2*u - 3671 = -5*t, -4*t + 9*t = -u + 3677. Calculate the highest common factor of t and 30.
15
Let o(n) = -5 - 2*n - 2*n - 3*n**3 + 0*n + n**2 - 3*n**2. Let m be o(-4). Calculate the greatest common factor of 19 and m.
19
Let f(x) = x - 7. Let y be f(23). Let i = y - 2. Calculate the greatest common divisor of 98 and i.
14
Let h = -54 + 102. Let r(u) = 3*u**3 - 59*u**2 - 43*u + 464. Let o be r(20). Calculate the greatest common divisor of h and o.
4
Suppose -8*n - 11 + 203 = 0. Let w(m) = -1. Let b(l) = -2*l - 12. Let x(y) = b(y) + 4*w(y). Let k be x(-11). What is the greatest common factor of k and n?
6
Let o be (558/(-31))/((-1)/5). Calculate the highest common factor of o and 342.
18
Let z = -596 + 902. Calculate the highest common factor of z and 18.
18
Suppose -h + 0*h - 4*a = -17, 3*h + 4*a = 11. Let o = h - -13. Calculate the highest common factor of o and 25.
5
Suppose -6 = -2*t, -3*b - 8 + 29 = -3*t. Let r(i) = -15*i. Let n be r(-1). Calculate the greatest common factor of n and b.
5
Suppose 0 = 6*d - 281 - 97. Let r be 4 + (-3)/(9/6). Suppose -3*a = -r*a - 7. What is the highest common factor of d and a?
7
Let r = 62 + -17. Let y(g) = -157*g - 1395. Let q be y(-9). Calculate the highest common divisor of q and r.
9
Let h be (-1531 + -1)/(-2) - 1. Suppose 2*w + 2*w + x - h = 0, -w - 3*x + 205 = 0. Let i = w - 125. Calculate the greatest common divisor of 13 and i.
13
Suppose -4*a = 4*g - 3028, 2 + 2 = 4*a. Suppose v + 6*v = g. Suppose 5*s - 82 = -22. Calculate the highest common divisor of v and s.
12
Let y = -163 + 219. Calculate the greatest common divisor of 28 and y.
28
Let d = -666 + 730. Calculate the highest common divisor of d and 1344.
64
Suppose -18 = -5*a + 22. Let y(s) = -12*s. Suppose 5*f - 3*m + 4 + 7 = 0, 0 = m - 2. Let n be y(f). What is the greatest common divisor of n and a?
4
Suppose 864 + 576 = 32*l. What is the greatest common divisor of l and 255?
15
Let s = -29 - -53. Calculate the highest common divisor of s and 456.
24
Let l be (6/10 - (-76)/(-60))*-6. Suppose 0 = 3*b + f - 45, 0*f + l*f - 54 = -3*b. What is the highest common factor of 14 and b?
14
Let u be 13 - (-3)/(6/(-4)). Suppose 14*b - 902 = -8*b + 1276. Calculate the highest common divisor of u and b.
11
Let w be 9*-2*2/(-2). Suppose -w - 3 = -3*z. What is the highest common divisor of z and 7?
7
Let p(l) = 4*l + 2 + 8*l**2 + 8*l**3 - 13*l**2 - 3*l. Let j be p(3). Suppose 11*t = 7*t + j. What is the highest common factor of 11 and t?
11
Suppose 0 = -4*r + 3*j + 382, -2*r - 5*j + 51 = -127. What is the greatest common factor of r and 235?
47
Let f(m) = -m**2 + 20*m + 8. Let z be f(16). Calculate the greatest common divisor of 168 and z.
24
Let g be (9/6 - 4)*(-48)/10. What is the highest common factor of 3 and g?
3
Suppose 55*j = 63*j - 208. Let h be 1576/44 - 4/(-22). Let s be 349/9 - (-8)/h. Calculate the highest common divisor of s and j.
13
Let o be -1 - (-1 - 1 - 3). Let y(g) = -6*g - 2. Let k be y(-2). Suppose 0 = o*d + k - 54. What is the highest common factor of d and 88?
11
Suppose -759 = 6*a + 1725. Let o = -284 - a. What is the highest common divisor of 26 and o?
26
Let x = 55 - 33. Let c = x - 19. Suppose 5*l = -6 - 9, 3*l = -c*i + 21. Calculate the greatest common factor of i and 10.
10
Suppose 4*n - 54 = -d + 54, 0 = 3*n + 5*d - 81. Calculate the greatest common divisor of 3 and n.
3
Let m = 459 - 449. Calculate the greatest common factor of m and 100.
10
Let r(b) = -38*b + 115. Let q be r(3). Calculate the highest common divisor of 1 and q.
1
Suppose -5*v - l + 24 = 0, 0 = -v - 3*v + 4*l + 24. Let h(s) = -s**3 + 6*s**2 - 4*s - 4. Let z be h(v). Calculate the greatest common factor of 8 and z.
1
Let b be (-9)/((-18)/4) - -9. Let t = b + 7. Let l = t + -3. What is the highest common divisor of l and 75?
15
Let g be (2/(-4))/((-7)/182). Let a = -8 - -15. Suppose -a*x - g = -8*x. Calculate the greatest common divisor of x and 65.
13
Let d = -383 + 383. Suppose -j - 2*j + 3 = 4*i, 0 = -3*j - 9. Suppose i*r - 36 = -d*r. Calculate the greatest common factor of r and 96.
12
Suppose -606 = 5*w + 3*k - 1750, -4*w - 4*k + 912 = 0. What is the highest common factor of 506 and w?
46
Let j(y) = -155*y + 676. Let c be j(4). What is the greatest common divisor of c and 280?
56
Let c be (2 - 3) + -5*(-1 + -6). What is the highest common divisor of 34 and c?
34
Suppose -65*q = -84*q + 1330. Calculate the highest common divisor of q and 50.
10
Let k be -26*(0 - 2/4). Suppose k*b - 408 = 10*b. Let n = 38 - 21. What is the highest common factor of n and b?
17
Let y(a) = 51*a + 141. Let b be y(3). Let r be (12/(-5))/((-6)/105). Calculate the greatest common factor of r and b.
42
Let k(u) = -u + 72. Let v be k(0). Let a be (0 - -2 - -3)/(20/144). Calculate the highest common factor of v and a.
36
Let g(p) = 10*p**2 + p + 1. Let r(q) = -q + 6. Let l be r(8). Let f be g(l). Suppose -2*u - f = -5*u. Calculate the highest common factor of 104 and u.
13
Let i be ((-36)/(-3) + 2)/1. Let l = i - -1. Suppose 0 = 10*d - l*d + 60. Calculate the greatest common divisor of d and 36.
12
Let d = -54 + 77. Suppose 5*i = 3*k + 1 - d, 3*k + 4*i = 4. Suppose -4 = -4*p + 8, w + p = 39. Calculate the greatest common factor of k and w.
4
Let s(d) = d**3 + 17*d**2 - 18*d + 4. Let w be s(-18). Let g be (-21)/(-2) + (2/w - 0). What is the highest common factor of 11 and g?
11
Let d(t) = t**2 + 8*t - 56. Let k be d(-13). What is the greatest common divisor of k and 1?
1
Suppose -34*c + 23*c = -10956. What is the greatest common factor of 12 and c?
12
Let h be (-39)/(10 - 11) - 8. What is the highest common divisor of 837 and h?
31
Suppose 4*u + 288 = 1088. Let b(g) = -2*g**3 - 4*g**2 - g + 4. Let r be b(-3). Calculate the highest common factor of u and r.
25
Let a(i) = 67*i + 535. Let x be a(-7). What is the greatest common factor of x and 396?
66
Let u be 40/(-7)*35/(-10). Let s be 4 + u/5 + -4. Suppose w - 46 = -5*i - 0*w, -5*w - 40 = -2*i. Calculate the highest common factor of s and i.
2
Suppose 24*a - 3287 = 1969. What is the greatest common divisor of 6 and a?
3
Let g = -179 - -335. Suppose -4*m = -4*l + g, 3*m - 128 = -2*l - 2*l. Let b be (-1 + 2)*1 + 4. Calculate the greatest common factor of b and l.
5
Suppose 7*r - 119 = -0*r. Suppose 213 + 263 = r*j. Calculate the greatest common factor of j and 28.
28
Let u(x) = -3*x - 18. Let n be u(-7). Suppose -2*m - 3*w + 153 = -74, -554 = -5*m - n*w. Let j = m + -73. What is the hi